{"id":925,"date":"2024-07-07T16:48:51","date_gmt":"2024-07-07T22:48:51","guid":{"rendered":"http:\/\/reco-andes.com\/?page_id=925"},"modified":"2024-07-12T19:46:03","modified_gmt":"2024-07-13T01:46:03","slug":"sesion-de-entrenamiento","status":"publish","type":"page","link":"http:\/\/reco-andes.com\/index.php\/noticias-y-eventos\/noticias\/sesion-de-entrenamiento\/","title":{"rendered":"SESI\u00d3N DE ENTRENAMIENTO SOBRE MEDICIONES DE FOTOS\u00cdNTESIS"},"content":{"rendered":"\t\t<div data-elementor-type=\"wp-page\" data-elementor-id=\"925\" class=\"elementor elementor-925\">\n\t\t\t\t<div class=\"elementor-element elementor-element-f05e87f e-flex e-con-boxed e-con e-parent\" data-id=\"f05e87f\" data-element_type=\"container\">\n\t\t\t\t\t<div class=\"e-con-inner\">\n\t\t\t\t<div class=\"elementor-element elementor-element-dfffef5 elementor-widget elementor-widget-heading\" data-id=\"dfffef5\" data-element_type=\"widget\" data-widget_type=\"heading.default\">\n\t\t\t\t<div class=\"elementor-widget-container\">\n\t\t\t<style>\/*! elementor - v3.21.0 - 25-04-2024 *\/\n.elementor-heading-title{padding:0;margin:0;line-height:1}.elementor-widget-heading .elementor-heading-title[class*=elementor-size-]>a{color:inherit;font-size:inherit;line-height:inherit}.elementor-widget-heading .elementor-heading-title.elementor-size-small{font-size:15px}.elementor-widget-heading .elementor-heading-title.elementor-size-medium{font-size:19px}.elementor-widget-heading .elementor-heading-title.elementor-size-large{font-size:29px}.elementor-widget-heading .elementor-heading-title.elementor-size-xl{font-size:39px}.elementor-widget-heading .elementor-heading-title.elementor-size-xxl{font-size:59px}<\/style><h1 class=\"elementor-heading-title elementor-size-default\">Sesi\u00f3n de entrenamiento sobre mediciones de fotos\u00edntesis utilizando equipos de LI-COR Environmental<\/h1>\t\t<\/div>\n\t\t\t\t<\/div>\n\t\t\t\t\t<\/div>\n\t\t\t\t<\/div>\n\t\t<div class=\"elementor-element elementor-element-31b56ed e-flex e-con-boxed e-con e-parent\" data-id=\"31b56ed\" data-element_type=\"container\">\n\t\t\t\t\t<div class=\"e-con-inner\">\n\t\t\t\t<div class=\"elementor-element elementor-element-4b967e0 elementor-widget elementor-widget-image\" data-id=\"4b967e0\" data-element_type=\"widget\" data-widget_type=\"image.default\">\n\t\t\t\t<div class=\"elementor-widget-container\">\n\t\t\t<style>\/*! elementor - v3.21.0 - 25-04-2024 *\/\n.elementor-widget-image{text-align:center}.elementor-widget-image a{display:inline-block}.elementor-widget-image a img[src$=\".svg\"]{width:48px}.elementor-widget-image img{vertical-align:middle;display:inline-block}<\/style>\t\t\t\t\t\t\t\t\t\t<img fetchpriority=\"high\" decoding=\"async\" width=\"602\" height=\"278\" src=\"http:\/\/reco-andes.com\/wp-content\/uploads\/2024\/07\/Imagen1.jpg\" class=\"attachment-full size-full wp-image-928\" alt=\"\" srcset=\"http:\/\/reco-andes.com\/wp-content\/uploads\/2024\/07\/Imagen1.jpg 602w, http:\/\/reco-andes.com\/wp-content\/uploads\/2024\/07\/Imagen1-300x139.jpg 300w, http:\/\/reco-andes.com\/wp-content\/uploads\/2024\/07\/Imagen1-600x278.jpg 600w\" sizes=\"(max-width: 602px) 100vw, 602px\" \/>\t\t\t\t\t\t\t\t\t\t\t\t\t<\/div>\n\t\t\t\t<\/div>\n\t\t\t\t\t<\/div>\n\t\t\t\t<\/div>\n\t\t<div class=\"elementor-element elementor-element-ea21469 e-flex e-con-boxed e-con e-parent\" data-id=\"ea21469\" data-element_type=\"container\">\n\t\t\t\t\t<div class=\"e-con-inner\">\n\t\t\t\t<div class=\"elementor-element elementor-element-aaa8b17 elementor-widget elementor-widget-text-editor\" data-id=\"aaa8b17\" data-element_type=\"widget\" data-widget_type=\"text-editor.default\">\n\t\t\t\t<div class=\"elementor-widget-container\">\n\t\t\t<style>\/*! elementor - v3.21.0 - 25-04-2024 *\/\n.elementor-widget-text-editor.elementor-drop-cap-view-stacked .elementor-drop-cap{background-color:#69727d;color:#fff}.elementor-widget-text-editor.elementor-drop-cap-view-framed .elementor-drop-cap{color:#69727d;border:3px solid;background-color:transparent}.elementor-widget-text-editor:not(.elementor-drop-cap-view-default) .elementor-drop-cap{margin-top:8px}.elementor-widget-text-editor:not(.elementor-drop-cap-view-default) .elementor-drop-cap-letter{width:1em;height:1em}.elementor-widget-text-editor .elementor-drop-cap{float:left;text-align:center;line-height:1;font-size:50px}.elementor-widget-text-editor .elementor-drop-cap-letter{display:inline-block}<\/style>\t\t\t\t<p><span style=\"font-size: 11.0pt; line-height: 107%; font-family: 'Calibri',sans-serif; mso-ascii-theme-font: minor-latin; mso-fareast-font-family: Calibri; mso-fareast-theme-font: minor-latin; mso-hansi-theme-font: minor-latin; mso-bidi-font-family: Arial; mso-bidi-theme-font: minor-bidi; mso-ansi-language: #1000; mso-fareast-language: EN-US; mso-bidi-language: AR-SA;\">Nota realizada por Andrea Ch\u00e1vez<\/span><\/p>\t\t\t\t\t\t<\/div>\n\t\t\t\t<\/div>\n\t\t\t\t\t<\/div>\n\t\t\t\t<\/div>\n\t\t<div class=\"elementor-element elementor-element-d38e732 e-flex e-con-boxed e-con e-parent\" data-id=\"d38e732\" data-element_type=\"container\">\n\t\t\t\t\t<div class=\"e-con-inner\">\n\t\t\t\t<div class=\"elementor-element elementor-element-02c8100 elementor-widget elementor-widget-text-editor\" data-id=\"02c8100\" data-element_type=\"widget\" data-widget_type=\"text-editor.default\">\n\t\t\t\t<div class=\"elementor-widget-container\">\n\t\t\t\t\t\t\t<p>En febrero de 2024, Thomas Sibret, del equipo de Q-ForestLab, visit\u00f3 #Cuenca, Ecuador, para realizar una sesi\u00f3n de entrenamiento sobre mediciones de fotos\u00edntesis a nivel de hoja\ud83c\udf3f utilizando equipos de LI-COR Environmental. La sesi\u00f3n fue dirigida a los entusiastas estudiantes de la Prof. Ximena Palomeque y nuestro colega Franklin Mar\u00edn, en la Universidad de Cuenca.<\/p><p>LI-COR Environmental fabrica sistemas port\u00e1tiles para medir la fotos\u00edntesis a nivel de hoja, utilizados en investigaciones de ecolog\u00eda, agronom\u00eda y ciencias ambientales. Estos instrumentos son esenciales para entender procesos como el intercambio de gases entre plantas y la atm\u00f3sfera, la eficiencia del uso del agua y la respuesta de los ecosistemas a los cambios ambientales. Contribuyen a estudios que buscan soluciones para la conservaci\u00f3n y sostenibilidad del medio ambiente.<\/p><p>El objetivo de este entrenamiento es cuantificar el impacto de los cambios de temperatura\ud83c\udf21 en especies de \u00e1rboles andinos\ud83c\udf33. En \u00faltima instancia, esto podr\u00eda ayudar a identificar especies m\u00e1s resilientes para programas de reforestaci\u00f3n exitosos en los Andes. \ud83c\udf31\ud83c\udf33<\/p><p>Estudiar el impacto de los cambios de temperatura en los bosques andinos es crucial debido a la sensibilidad de estos ecosistemas a las variaciones clim\u00e1ticas. Los bosques andinos albergan una biodiversidad \u00fanica y desempe\u00f1an un papel vital en la regulaci\u00f3n del clima y el ciclo del agua. Los cambios de temperatura pueden afectar la salud y la distribuci\u00f3n de las especies de \u00e1rboles, lo que a su vez impacta la fauna y los servicios ecosist\u00e9micos que estos bosques proporcionan. Entender estas din\u00e1micas es esencial para desarrollar estrategias de conservaci\u00f3n y reforestaci\u00f3n que aseguren la resiliencia de estos ecosistemas frente al cambio clim\u00e1tico, garantizando as\u00ed la sostenibilidad y el bienestar de las comunidades que dependen de ellos.<\/p><p>M\u00e1s all\u00e1 de las recompensas profesionales, esperamos con entusiasmo la continuaci\u00f3n de esta colaboraci\u00f3n y seguir contribuyendo a la investigaci\u00f3n cient\u00edfica ambiental de gran impacto.<\/p>\t\t\t\t\t\t<\/div>\n\t\t\t\t<\/div>\n\t\t\t\t\t<\/div>\n\t\t\t\t<\/div>\n\t\t<div class=\"elementor-element elementor-element-58cb691 e-flex e-con-boxed e-con e-parent\" data-id=\"58cb691\" data-element_type=\"container\">\n\t\t\t\t\t<div class=\"e-con-inner\">\n\t\t<div class=\"elementor-element elementor-element-b9120bc e-con-full e-flex e-con e-child\" data-id=\"b9120bc\" data-element_type=\"container\">\n\t\t\t\t<div class=\"elementor-element elementor-element-3180ac3 elementor-widget elementor-widget-image\" data-id=\"3180ac3\" data-element_type=\"widget\" data-widget_type=\"image.default\">\n\t\t\t\t<div class=\"elementor-widget-container\">\n\t\t\t\t\t\t\t\t\t\t\t\t\t<img decoding=\"async\" width=\"451\" height=\"338\" src=\"http:\/\/reco-andes.com\/wp-content\/uploads\/2024\/07\/Imagen2.jpg\" class=\"attachment-large size-large wp-image-929\" alt=\"\" srcset=\"http:\/\/reco-andes.com\/wp-content\/uploads\/2024\/07\/Imagen2.jpg 451w, http:\/\/reco-andes.com\/wp-content\/uploads\/2024\/07\/Imagen2-300x225.jpg 300w\" sizes=\"(max-width: 451px) 100vw, 451px\" \/>\t\t\t\t\t\t\t\t\t\t\t\t\t<\/div>\n\t\t\t\t<\/div>\n\t\t\t\t<\/div>\n\t\t<div class=\"elementor-element elementor-element-3b51d3b e-con-full e-flex e-con e-child\" data-id=\"3b51d3b\" data-element_type=\"container\">\n\t\t\t\t<div class=\"elementor-element elementor-element-6f36c15 elementor-widget elementor-widget-image\" data-id=\"6f36c15\" data-element_type=\"widget\" data-widget_type=\"image.default\">\n\t\t\t\t<div class=\"elementor-widget-container\">\n\t\t\t\t\t\t\t\t\t\t\t\t\t<img decoding=\"async\" width=\"602\" height=\"278\" src=\"http:\/\/reco-andes.com\/wp-content\/uploads\/2024\/07\/Imagen3.jpg\" class=\"attachment-large size-large wp-image-930\" alt=\"\" srcset=\"http:\/\/reco-andes.com\/wp-content\/uploads\/2024\/07\/Imagen3.jpg 602w, http:\/\/reco-andes.com\/wp-content\/uploads\/2024\/07\/Imagen3-300x139.jpg 300w, http:\/\/reco-andes.com\/wp-content\/uploads\/2024\/07\/Imagen3-600x278.jpg 600w\" sizes=\"(max-width: 602px) 100vw, 602px\" \/>\t\t\t\t\t\t\t\t\t\t\t\t\t<\/div>\n\t\t\t\t<\/div>\n\t\t\t\t<\/div>\n\t\t\t\t\t<\/div>\n\t\t\t\t<\/div>\n\t\t\t\t<\/div>\n\t\t","protected":false},"excerpt":{"rendered":"<p>Sesi\u00f3n de entrenamiento sobre mediciones de fotos\u00edntesis utilizando equipos de LI-COR Environmental Nota realizada por Andrea Ch\u00e1vez En febrero de 2024, Thomas Sibret, del equipo de Q-ForestLab, visit\u00f3 #Cuenca, Ecuador, para realizar una sesi\u00f3n de entrenamiento sobre mediciones de fotos\u00edntesis a nivel de hoja\ud83c\udf3f utilizando equipos de LI-COR Environmental. La sesi\u00f3n fue dirigida a los entusiastas estudiantes de la Prof. [&hellip;]<\/p>\n","protected":false},"author":1,"featured_media":0,"parent":124,"menu_order":0,"comment_status":"closed","ping_status":"closed","template":"","meta":{"footnotes":""},"_links":{"self":[{"href":"http:\/\/reco-andes.com\/index.php\/wp-json\/wp\/v2\/pages\/925"}],"collection":[{"href":"http:\/\/reco-andes.com\/index.php\/wp-json\/wp\/v2\/pages"}],"about":[{"href":"http:\/\/reco-andes.com\/index.php\/wp-json\/wp\/v2\/types\/page"}],"author":[{"embeddable":true,"href":"http:\/\/reco-andes.com\/index.php\/wp-json\/wp\/v2\/users\/1"}],"replies":[{"embeddable":true,"href":"http:\/\/reco-andes.com\/index.php\/wp-json\/wp\/v2\/comments?post=925"}],"version-history":[{"count":24,"href":"http:\/\/reco-andes.com\/index.php\/wp-json\/wp\/v2\/pages\/925\/revisions"}],"predecessor-version":[{"id":990,"href":"http:\/\/reco-andes.com\/index.php\/wp-json\/wp\/v2\/pages\/925\/revisions\/990"}],"up":[{"embeddable":true,"href":"http:\/\/reco-andes.com\/index.php\/wp-json\/wp\/v2\/pages\/124"}],"wp:attachment":[{"href":"http:\/\/reco-andes.com\/index.php\/wp-json\/wp\/v2\/media?parent=925"}],"curies":[{"name":"wp","href":"https:\/\/api.w.org\/{rel}","templated":true}]}}